*3/3 + 8. Let v(k) be the third derivative of l(k). Is v(-11) a prime number?
False
Suppose -18219 - 650973 = -24*v. Is v a composite number?
False
Let c(h) = -9*h**2 - 3*h - 3. Let o be c(-1). Let m = 210 + o. Suppose -4*f - m + 1957 = 0. Is f a composite number?
False
Is (-16 - (2 + -424424)) + 17 composite?
False
Let r be -58*(-1)/(-1)*-14. Let u(l) = -138*l + 970. Let k be u(7). Suppose 2*p + 2*h - r = 0, h - 1 = k. Is p a prime number?
True
Let v(j) = 21*j**3 - 9*j - 9. Let a be v(-6). Let g be (-3 + 2)/(41/75358). Let o = g - a. Is o composite?
True
Let c = 8 - 0. Suppose 16 = 12*z - c*z. Suppose -5*u + 17 - 879 = -2*o, 0 = z*o + u - 1724. Is o prime?
True
Let f(a) = 2951*a**2 + 48*a + 107. Is f(-6) composite?
True
Let l(h) be the first derivative of h**6/8 + h**5/12 + 7*h**4/8 + h**3/3 + 8. Let g(w) be the third derivative of l(w). Is g(-4) a composite number?
False
Suppose -5*u + 126125 = 5*h, -u = -5*u + 5*h + 100882. Suppose 0 = 6*n - 40159 - u. Is n composite?
True
Is -10 - 1270906/(-10) - (-40)/(-25) a composite number?
False
Let l = 83 + -147. Suppose -2*d = 0, 5*f + 3*d = -0*f - 955. Let b = l - f. Is b a composite number?
False
Suppose 9*s + 50 = d + 14*s, -3*d + 132 = -3*s. Suppose -2*h + 27 = h. Is 332 + (-35)/d + (-2)/h a prime number?
True
Let l(q) = 16*q**2 + 11*q - 4. Suppose u - 17 = -3*f, 5*f + 6 - 21 = 0. Suppose 5 = o + 3*p, -p = u*o - 6*o - 10. Is l(o) composite?
True
Let j be (-385)/7*-508 + 1. Let g = j - 14300. Is g a prime number?
False
Suppose -c + 2*c - 218 = -3*t, 4*t + c - 290 = 0. Is (-54)/t + (-25182)/(-8) prime?
False
Let x(n) = n**3 - 4*n**2 - 6*n - 39. Let h be x(6). Let c(r) = 1989*r**2 - 35*r + 7. Is c(h) composite?
False
Let i(n) = -2*n + 371. Suppose 4*s + s = -4*o + 256, o - 2*s = 64. Suppose -60*a + o*a = 0. Is i(a) prime?
False
Suppose 14*q - 4528717 = 2157870 + 150019. Is q a composite number?
False
Let g(f) = -217*f + 40259. Is g(0) a composite number?
True
Let a(z) = 163*z**2 - 3. Let d be ((0 - 2) + -3)*2/5. Is a(d) prime?
False
Let l(y) = 13407*y**2 + 1322*y - 12. Is l(-7) composite?
True
Let i = -89182 + 391049. Is i a composite number?
False
Let h(p) = 105*p**2 - p + 1. Let z(m) = -3*m**3 + 2*m + 1. Let r be z(-1). Is h(r) a prime number?
True
Let l = 19230 - 8713. Is l composite?
True
Suppose 2*c = -4*g + 616406, -2235*c = -2231*c - 2*g - 1232862. Is c a composite number?
False
Is (-1)/2*-6*206160734/1326 a composite number?
True
Let p be 6/(-10) + 54/(-135). Let s be 6*(p - 87/6). Is 348/3*s/(-12) a composite number?
True
Let p = 20 + -11. Let q be p/6*(7 + -9). Is 4/7 - (q - 27420/35) prime?
True
Let k be 28/21 + (-3 - 54645/(-9)). Suppose 5*i - 15187 = -5*o + 7*i, -2*o + 2*i = -k. Is o a prime number?
False
Let t = 37053 + -24760. Is t composite?
True
Let c(l) = l**3 + 56*l**2 + 31*l - 71. Is c(-29) prime?
True
Suppose -4*v + 8 + 0 = 0. Suppose 3*z + v = 23. Suppose 8*c = z*c + 178. Is c composite?
True
Let u be 0/(-3 + 7) - (8 + -8). Suppose 3*h + 3 = 0, -4496 = -5*z - u*h + h. Is z a composite number?
True
Suppose -5*q + 2*x + 29497 = -x, x = -2*q + 11790. Is q a prime number?
True
Suppose -3*y - v = -253, -v = -3*y + 2*v + 273. Let b = 108 - y. Suppose -b*u = -26*u + 4244. Is u prime?
True
Let k be (-3)/2*9/(54/(-20)). Suppose w - 2116 = -k*v, 4808 - 546 = 2*w - 5*v. Is w prime?
False
Let d be (73/2)/((-2)/(-8)). Suppose -d*s - 20337 = -149*s. Is s composite?
False
Let l(u) = -585*u**3 + 17*u**2 + 35*u - 218. Is l(-13) a prime number?
False
Suppose -y = 13 + 42. Let a = -52 - y. Suppose 102 = c - 5*v, -391 = -3*c - c + a*v. Is c a composite number?
False
Is (153998/65)/((-4)/(-670)) composite?
True
Let u(b) = -7*b**2 - 10*b - 75. Let p be u(22). Let l = 539 - p. Is l a composite number?
True
Suppose -5*q + 3*t + 1 + 5 = 0, 4*t + 8 = 3*q. Suppose 16*r + 8*r - 20376 = q. Is r a composite number?
True
Let z(a) = -a**2 - 5*a + 15. Let s be z(-7). Let c be (-16 + 15)*(s - 1). Suppose 5*r + 440 - 4835 = c. Is r composite?
True
Let q = -16289 - -2299. Let r = 20397 + q. Is r a composite number?
True
Suppose 63659 = 9*u + 5906. Suppose 0*n - 9*n = -u. Let m = n + -392. Is m a composite number?
True
Let b be (338*(-2)/(-4))/(4/100). Let u = -1106 + b. Is u prime?
True
Suppose 5*i + 212 - 3427 = 0. Suppose -f - i = -1936. Is f prime?
False
Let l(p) = 33 + 6*p - 43 + 105*p - 54 + 56*p. Is l(33) composite?
True
Let b(q) = -q**3 - 131*q**2 - 164*q + 901. Is b(-151) composite?
True
Suppose -18*t + 153*t - 43689047 = 5251288. Is t a prime number?
True
Let y = -38 - -42. Let u be (-25107)/(-33) + y/22. Suppose z + u = 2*h, 0 = -z - 4 + 1. Is h composite?
False
Is ((-1)/(-8))/((-1)/(-877112)) a prime number?
True
Let l = -1824457 + 2884236. Is l a prime number?
False
Suppose 15*r = 11*r + 4*i + 444584, 3*r = -i + 333434. Is r prime?
False
Is 8/10 + 13 + (-17071080)/(-150) a composite number?
True
Suppose 4*m = 3*v - 20183, 2*v - 17*m = -14*m + 13453. Is v prime?
True
Suppose -j = 8*j + 2835. Let y be (j - 0) + (0 - 0). Let d = 526 + y. Is d composite?
False
Suppose -3*k + 4*n = -27, 2*k + 0*k - 7 = -n. Suppose 3*d = q - 4, -q - k*d = -3*q + 8. Suppose q*g = 7*g - 7485. Is g prime?
False
Suppose -2*i + 16 = -2*f, 18*i - 16*i + f = 25. Suppose -w - i*o + 3700 = -6*o, 5*o = -4*w + 14845. Is w composite?
True
Let o(s) be the first derivative of 268*s**3/3 - 5*s**2 - 7*s + 171. Is o(4) a composite number?
False
Let t(p) be the third derivative of -p**4/12 - 17*p**3/3 + 40*p**2. Let u be t(-18). Is (-3 + 7/u)*(-1492)/(-2) a prime number?
True
Let b(i) = i**3 - 6*i**2 + 3*i - 15. Let d be b(6). Suppose -6*h + 13504 = 4*o - 7*h, d*o = h + 10127. Is o composite?
True
Let q be 12/((-3065)/770 - -4). Let y = -272 + q. Suppose -h + y + 197 = 0. Is h prime?
True
Suppose 5*c + 4*z - 87757 = 0, 818 = -c - 3*z + 18354. Is c prime?
False
Let v = -178321 - -601644. Is v prime?
True
Let r(g) = -69*g + 37. Let m(z) = -68*z + 37. Let x(a) = -3*m(a) + 2*r(a). Suppose 16*c - 35 - 45 = 0. Is x(c) a composite number?
False
Let u be 9 - 1/3*3. Suppose 4*z = -3*w + 12, -2*w + 3*z + z + u = 0. Suppose -w*m + 1041 = -m. Is m prime?
True
Let v(s) = -13*s**2 - 3*s - 2. Let o be v(-1). Let z be ((-190)/3)/((-1)/o*-4). Suppose z = 3*l - 65. Is l a composite number?
True
Let z be (-22)/(3/3051*-3). Let s = z + -5045. Is s a composite number?
True
Is -6 + 38481/(42/14) composite?
False
Let j(b) = -2*b**3 - 49*b**2 + 26*b + 32. Let t be j(-25). Let f(r) be the first derivative of r**4/4 + 7*r**3/3 - 7*r - 1. Is f(t) prime?
False
Suppose -12*f + 20519 = -83281. Suppose 20*g - 6970 - f = 0. Is g a composite number?
True
Let b = -5586 + 30319. Is b a prime number?
True
Is 6/69 - (13 + 8533616/(-322)) a prime number?
True
Let d(g) = -28*g + 116. Let f be d(4). Suppose -5*r + 0*r + 1661 = f*j, -4*j = -16. Is r composite?
True
Is (80454/(-7))/(-2) + ((-328)/28 - -12) prime?
False
Suppose -19*y = 9*y + 309484. Let o = 21716 + y. Is o a composite number?
False
Suppose 2*r + 3*s = -64 + 23, -4*r = 3*s + 67. Let u be r - -16 - (-2)/1. Suppose 4*h = -0*h - u*m + 14661, -5*h + m = -18290. Is h a prime number?
True
Suppose 8*n - 40 = -2*n. Suppose -n*r = -228 - 1120. Let b = r + -146. Is b composite?
False
Let h(o) = 4*o - 4. Let k be h(2). Suppose 0 = -4*x + 3*j + 2810, -2*x - k*j + 221 = -1173. Let c = x - 186. Is c prime?
False
Let d = -309 + -1476. Let q(m) = 192*m - 2. Let j be q(-2). Let y = j - d. Is y composite?
False
Suppose -760*d + 757*d = 54. Is d/54 + (-18742)/(-3) prime?
True
Suppose 0 = 6*l - 11*l. Suppose 4*j - 32 + l = 0. Suppose -j*o + 295 = -7*o. Is o a composite number?
True
Let c(w) be the third derivative of w**5/15 - 107*w**4/24 + 29*w**3/3 + 182*w**2. Is c(53) a composite number?
False
Suppose 9*j = -j + 40. Suppose j*s - 1 + 9 = -f, -4*f = 2*s + 46. Is f/9 - (9100/(-12) + 4) a composite number?
True
Let b = 100331 + -56620. Is b composite?
False
Let j = 385151 - 82744. Is j a composite number?
True
Let k be (-1817)/(-4) + 4*3/(-48). Let y = k + 1879. Is y a composite number?
False
Let v = -2904 + 26861. Is v a prime number?
True
Is 0 - -5 - (-200)/125*(499871 - -9) prime?
False
Is -2 + (-522288)/180*(-140)/6 composite?
True
Suppose 167403 = 14*d - 11*d - 3*g, -g = -3*d + 167415. Is d composite?
False
Suppose -23*u - 306